35430?
2, 3, 5, 271181
What are the prime factors of 1053338?
2, 11, 13, 29, 127
What are the prime factors of 9477991?
683, 13877
What are the prime factors of 225518?
2, 112759
List the prime factors of 12599019.
3, 401, 3491
List the prime factors of 947581.
67, 14143
What are the prime factors of 176712?
2, 3, 37, 199
What are the prime factors of 806693?
29, 27817
What are the prime factors of 228913?
228913
List the prime factors of 36908296.
2, 397, 11621
What are the prime factors of 351970?
2, 5, 61, 577
What are the prime factors of 3299534?
2, 7, 23, 10247
List the prime factors of 605342.
2, 313, 967
List the prime factors of 14865996.
2, 3, 1238833
What are the prime factors of 6701566?
2, 19, 176357
List the prime factors of 2372693.
29, 81817
List the prime factors of 377018.
2, 131, 1439
List the prime factors of 19268270.
2, 5, 7, 39323
What are the prime factors of 607526?
2, 179, 1697
What are the prime factors of 1431807?
3, 13, 36713
What are the prime factors of 177325?
5, 41, 173
What are the prime factors of 611950?
2, 5, 12239
List the prime factors of 5987.
5987
List the prime factors of 308595.
3, 5, 7, 2939
List the prime factors of 14098987.
7, 2014141
List the prime factors of 104077.
199, 523
List the prime factors of 33648821.
59, 563, 1013
List the prime factors of 4693429.
13, 361033
What are the prime factors of 4736812?
2, 17, 41, 1699
What are the prime factors of 251217?
3, 103, 271
List the prime factors of 227334.
2, 3, 37889
What are the prime factors of 299298?
2, 3, 83, 601
What are the prime factors of 490227?
3, 163409
What are the prime factors of 293911?
19, 31, 499
What are the prime factors of 317209?
317209
What are the prime factors of 185251?
11, 1531
What are the prime factors of 77302?
2, 38651
List the prime factors of 699418.
2, 349709
What are the prime factors of 2821067?
61, 103, 449
What are the prime factors of 1173671?
641, 1831
What are the prime factors of 5201632?
2, 53, 3067
What are the prime factors of 23391452?
2, 7, 113, 7393
List the prime factors of 860884.
2, 373, 577
What are the prime factors of 5592773?
1013, 5521
What are the prime factors of 64647?
3, 11, 653
List the prime factors of 9707854.
2, 13, 373379
What are the prime factors of 13096486?
2, 13, 38747
List the prime factors of 3980763.
3, 73, 83
What are the prime factors of 4757915?
5, 951583
List the prime factors of 312765.
3, 5, 29, 719
What are the prime factors of 6821325?
3, 5, 7, 61, 71
List the prime factors of 5904266.
2, 2952133
What are the prime factors of 4035976?
2, 7, 97, 743
What are the prime factors of 274194?
2, 3, 15233
What are the prime factors of 139957?
173, 809
What are the prime factors of 1018401?
3, 339467
What are the prime factors of 236405?
5, 13, 3637
What are the prime factors of 603254?
2, 301627
List the prime factors of 10462.
2, 5231
What are the prime factors of 1052632?
2, 7, 18797
List the prime factors of 20562717.
3, 7, 979177
What are the prime factors of 153257?
13, 11789
What are the prime factors of 353490?
2, 3, 5, 11783
List the prime factors of 231995.
5, 46399
What are the prime factors of 2871946?
2, 7, 11, 17, 1097
What are the prime factors of 1001165?
5, 11, 109, 167
What are the prime factors of 461670?
2, 3, 5, 11, 1399
What are the prime factors of 518787?
3, 59, 977
List the prime factors of 11929504.
2, 372797
What are the prime factors of 13148170?
2, 5, 7, 26833
What are the prime factors of 1402014?
2, 3, 233669
List the prime factors of 335023.
13, 25771
What are the prime factors of 6099588?
2, 3, 11, 73, 211
What are the prime factors of 397635?
3, 5, 7, 541
List the prime factors of 4024957.
4024957
List the prime factors of 527582.
2, 11, 23981
List the prime factors of 165325.
5, 17, 389
List the prime factors of 206485.
5, 61, 677
What are the prime factors of 625392?
2, 3, 43, 101
What are the prime factors of 739948?
2, 11, 67, 251
List the prime factors of 2119231.
2119231
List the prime factors of 68980.
2, 5, 3449
List the prime factors of 19031455.
5, 3806291
List the prime factors of 180033.
3, 7, 8573
List the prime factors of 7055910.
2, 3, 5, 31, 281
List the prime factors of 152293.
152293
What are the prime factors of 23652?
2, 3, 73
List the prime factors of 3361729.
7, 97, 4951
List the prime factors of 149768.
2, 97, 193
List the prime factors of 359412.
2, 3, 61, 491
What are the prime factors of 10561852?
2, 7, 53887
What are the prime factors of 108449?
11, 9859
List the prime factors of 231997.
101, 2297
List the prime factors of 102612.
2, 3, 17, 503
List the prime factors of 1277993.
1277993
List the prime factors of 345673.
345673
What are the prime factors of 190479?
3, 63493
List the prime factors of 10895134.
2, 103, 52889
What are the prime factors of 9798?
2, 3, 23, 71
List the prime factors of 12230972.
2, 13, 235211
List the prime factors of 601187.
601187
List the prime factors of 323232.
2, 3, 7, 13, 37
List the prime factors of 16702808.
2, 89, 23459
What are the prime factors of 312752?
2, 11, 1777
List the prime factors of 384259.
384259
What are the prime factors of 4715510?
2, 5, 47, 79, 127
What are the prime factors of 395560?
2, 5, 11, 29, 31
What are the prime factors of 34441?
11, 31, 101
What are the prime factors of 4898631?
3, 53, 30809
What are the prime factors of 12361897?
12361897
What are the prime factors of 659081?
37, 47, 379
What are the prime factors of 495035?
5, 181, 547
What are the prime factors of 378157?
13, 19, 1531
List the prime factors of 2592968.
2, 7, 19, 2437
What are the prime factors of 1158967?
757, 1531
List the prime factors of 7691303.
479, 16057
List the prime factors of 246700.
2, 5, 2467
What are the prime factors of 694291?
13, 53407
What are the prime factors of 2279319?
3, 7, 311, 349
What are the prime factors of 86007?
3, 28669
What are the prime factors of 756011?
756011
What are the prime factors of 137028?
2, 3, 19, 601
What are the prime factors of 2029430?
2, 5, 13, 67, 233
What are the prime factors of 215559?
3, 43, 557
List the prime factors of 20495.
5, 4099
What are the prime factors of 1556993?
19, 227
List the prime factors of 7937767.
31, 256057
What are the prime factors of 133579?
31, 139
What are the prime factors of 405620?
2, 5, 17, 1193
List the prime factors of 5656902.
2, 3, 53, 17789
List the prime factors of 1764610.
2, 5, 176461
List the prime factors of 306776.
2, 31, 1237
List the prime factors of 463581.
3, 19, 2711
List the prime factors of 13052280.
2, 3, 5, 108769
What are the prime factors of 2473698?
2, 3, 149, 2767
What are the prime factors of 16686419?
16686419
What are the prime factors of 1640979?
3, 2251
List the prime factors of 178051.
263, 677
List the prime factors of 15213762.
2, 3, 845209
What are the prime factors of 11469704?
2, 37, 38749
What are the prime factors of 395204?
2, 98801
What are the prime factors of 13671143?
13671143
What are the prime factors of 1594634?
2, 17, 46901
List the prime factors of 262742.
2, 131371
List the prime factors of 3729833.
19, 196307
List the prime factors of 1516478.
2, 67, 11317
List the prime factors of 8455576.
2, 61, 17327
List the prime factors of 198024.
2, 3, 37, 223
What are the prime factors of 14065928?
2, 19, 29, 3191
What are the prime factors of 367144?
2, 45893
What are the prime factors of 549699?
3, 97, 1889
What are the prime factors of 14025392?
2, 31, 28277
What are the prime factors of 69355?
5, 11, 13, 97
What are the prime factors of 3218792?
2, 31, 12979
What are the prime factors of 11465899?
829, 13831
List the prime factors of 1217416.
2, 43, 3539
List the prime factors of 1557856.
2, 89, 547
List the prime factors of 303924.
2, 3, 19, 31, 43
What are the prime factors of 1521676?
2, 13, 2251
What are the prime factors of 6728320?
2, 5, 10513
What are the prime factors of 1018109?
1018109
List the prime factors of 320413.
23, 13931
List the prime factors of 2662646.
2, 7, 43, 4423
List the prime factors of 17509749.
3, 5836583
What are the prime factors of 626035?
5, 125207
List the prime factors of 21569030.
2, 5, 7, 308129
What are the prime factors of 3638964?
2, 3, 7, 43321
What are the prime factors of 329715?
3, 5, 17, 431
List the prime fa